rime number?
True
Is 2/(24/71756) + 24/18 a composite number?
False
Suppose 3*g + t = 27, 2*t - 3 = -g + 11. Suppose -g*q = -q - 371. Is q composite?
False
Is 5860/15*3/4 composite?
False
Let c(g) = -g + 6. Let a(s) = s - 12. Let j(r) = 3*a(r) + 5*c(r). Let z be j(-5). Suppose -5*u = -l + 98 + 94, z*u = -l + 165. Is l a prime number?
False
Suppose 0 = -3*p - 3*q - 18, -5*p - 4*q + 0*q = 28. Is (-2)/8*(p + -840) a composite number?
False
Suppose 0*f - 3*f - 39 = 0. Let y = 9 + f. Is 2/y + 366/4 composite?
True
Let u(j) = 2*j**3 - 9*j**2 + 8. Let f = 14 - 8. Suppose -49 = -f*q - q. Is u(q) a composite number?
True
Let t = -13 - -38. Let d = t - -184. Is (2 + d)*(0 + 1) a composite number?
False
Let w(h) = -h**3 + 8*h**2 - 7*h + 4. Let d be w(6). Let o = d - 37. Let r(m) = -3*m**3 + m**2 + 2*m + 1. Is r(o) a composite number?
True
Is 7 + (-9)/((-72)/44096) a composite number?
False
Let c = -24 - -27. Suppose -2*u + 3*u = 3*o + 2782, 0 = 5*u - c*o - 13898. Is u a composite number?
True
Let m be (-1928)/(-24) + (-44)/(-12). Let g = -286 - -571. Let r = g - m. Is r a prime number?
False
Let a = -2832 - -25171. Is a a composite number?
True
Suppose 0 = -304*m + 307*m - 12. Suppose -3*y + m*y + 2*u = 180, -5*y = 3*u - 893. Is y a prime number?
False
Suppose -1419 = -2*l + 2*z + 9783, -2*z = -4*l + 22408. Is l composite?
True
Suppose -10*w - 9024 = -6*w. Is w/(-6) + (-2 + 5 - 0) prime?
True
Suppose -2*v + 30 = -5*t, -3*v + 32 = -0*t - t. Let s(r) = r**3 - 8*r**2 + 6*r + 6. Let h be s(v). Let o = 1104 - h. Is o a prime number?
False
Is 1/(-7 - (4 + 293300/(-26663))) prime?
False
Let u = 25 + -165. Let m(w) = 47*w**3 + w**2 - 2*w + 1. Let b be m(1). Is 1/(u/b - -3) composite?
False
Let g(d) = -7057*d**3 + 9*d**2 + 3*d - 3. Is g(-2) prime?
False
Suppose 4*j = 3*u + 9152, -6*u + u - 4562 = -2*j. Is j composite?
True
Suppose 6*a - 12 = a + l, -l = 2*a - 9. Suppose -a*o + 2*o = 1. Let h(g) = -442*g**3 + 2*g**2 + 2*g + 1. Is h(o) prime?
True
Let f(m) = 2438*m - 38. Let t be f(6). Suppose -7*n + t = -3*n - 2*u, -5*u = 2*n - 7289. Is n prime?
False
Suppose 4*c - 5*t = -10*t + 51860, 2*c - 6*t = 25930. Is c a prime number?
False
Suppose -26*g + 50104 = -7174. Is g a prime number?
True
Suppose -r - 982 = 232. Let x = -235 - r. Is x a composite number?
True
Suppose -13998 = -2*z - 4*z. Is z composite?
False
Let l(w) = -1048*w**2 - 15*w + 7. Let g(s) = -524*s**2 - 7*s + 4. Let b(p) = -7*g(p) + 3*l(p). Is b(3) a composite number?
False
Suppose 2*g + g + 3 = b, 4*g - 3*b + 9 = 0. Suppose 4*z - 5*n = 18, 0 = -g*z - 2*z + 2*n + 8. Suppose 3*p - 85 = z*p. Is p a prime number?
False
Let t = 18528 - 12607. Is t prime?
False
Suppose 2*u + 2*t = 0, -2*u - 5*t - 9 - 6 = 0. Is (15/u + -1)*2179/2 a prime number?
True
Suppose 2 = 2*l - y, -5*l - 4 = y - 2. Suppose 2*b - 7*b + 5 = l. Let s(h) = 36*h**2 + 3*h - 2. Is s(b) a prime number?
True
Let w be 107/(-7) + 4/14. Let b(p) = p**3 + 15*p**2 - 18*p + 37. Is b(w) a composite number?
False
Let a(y) = -117*y + 248. Is a(-23) a composite number?
False
Let n = -6609 - -9425. Let v = n - 1345. Is v a composite number?
False
Let j = 3026 + -1020. Let u be (j/1)/((-3)/12). Is 2/6 + u/(-12) a prime number?
False
Let u(j) = -j**3 - 8*j**2 - 16*j - 40. Let f be u(-7). Suppose 5*g = -y + g - 2, y + 5*g = 0. Let z = y + f. Is z a composite number?
False
Suppose 2*t + 11 = 3*t + 4*a, -4*a + 5 = -t. Let w = -28 + 43. Suppose -2*u - t*s = -376, -2*s + w = u - 172. Is u prime?
True
Let r(q) = -3*q**3 - 11*q**2 + 5*q + 4. Let l(i) = i**2 - 10*i - 5. Let s be l(10). Is r(s) composite?
False
Let v(q) = -q**2 + q - 1. Let x be (-28)/126 + (-43)/9. Let m(b) = -4*b**2 - 10*b + 16. Let c(r) = x*v(r) - m(r). Is c(-9) a prime number?
True
Let x(b) = b**3 + 3*b**2 - 7*b - 4. Let g be x(-5). Let k = -17 - g. Suppose 2*t - 2*z - z - 901 = 0, -z - 891 = -k*t. Is t a prime number?
True
Let l be 39/9 - 1/3. Suppose -l*q + 27 = -1. Suppose 5*m - 1531 = -b, -2*b + 1220 = q*m - 3*m. Is m composite?
False
Suppose -3*p = -n - 0*p - 18, 3*n + 50 = 5*p. Suppose 0 = g + m - 1, -4*g + 4*m - m = -32. Is (-1)/2*(n - g) composite?
True
Suppose 0 = 4*c - 3*n - 1904, 4*c + 9*n = 5*n + 1932. Is c prime?
True
Let j(q) = 17*q**3 + q**2 + 3*q - 1. Let v(u) be the second derivative of u**5/20 - u**4/3 + u**3/3 - 3*u**2 - 2*u. Let z be v(4). Is j(z) prime?
False
Let u(i) = 77831*i**2 - 17*i - 9. Is u(-1) a composite number?
False
Let v be 2040/35 - 2/7. Suppose v*n - 53*n = 10805. Is n composite?
False
Let f(p) = 14*p**3 + 29*p**2 - 13*p + 50. Let t(u) = -5*u**3 - 10*u**2 + 4*u - 17. Let v(g) = 4*f(g) + 11*t(g). Let y = -8 - -14. Is v(y) composite?
False
Suppose 4*o = -3*c + 82617, 2*c - 37586 - 17497 = -o. Is c a prime number?
False
Let l = -21 + 19. Let h(b) = -14*b**3 + b**2 - 1. Let z(n) = -43*n**3 + 3*n**2 - n - 4. Let j(t) = l*z(t) + 7*h(t). Is j(-2) a composite number?
False
Let c = 19 + -17. Suppose -c*y + 3684 = h + h, -y - 5*h + 1846 = 0. Is y composite?
True
Let c(w) = -w**3 + 21*w**2 - 36*w + 65. Is c(18) composite?
False
Is (-8)/(-4)*((-1055655)/(-10))/9 prime?
True
Suppose -2*k + 24090 + 30172 = 0. Is k composite?
True
Let g(x) = x**2 - 13*x. Let b be g(13). Suppose b = 7*t - 2*t - 4050. Let w = t - 379. Is w a composite number?
False
Suppose n + 5*u + 4478 - 15022 = 0, 0 = 4*n + 3*u - 42227. Is n a composite number?
False
Let r(f) = 2411*f**3 - 2*f**2 - 15*f + 27. Is r(2) prime?
False
Let r be (-21)/(-2)*40/30. Suppose -1 = -5*c + r. Suppose c*h - 10 - 89 = 0. Is h a composite number?
True
Is (-1 - (-63904)/(-2))*9/(-27) prime?
True
Suppose -12*k = -14*k - 5*a + 771, 2*k = 2*a + 764. Is k a composite number?
False
Suppose 3*n + k - 11063 = 0, 3*k + k + 4 = 0. Suppose 0*c + c - n = -4*p, p - 4*c - 905 = 0. Is p prime?
False
Let x(y) = 6*y**2 - 5*y - 1. Let b(u) = -2*u**2 - 3*u. Let g be b(-5). Let k = 25 + g. Is x(k) a composite number?
True
Let o be -1375 + (-13)/((-65)/(-20)). Let q(c) = 14*c**3 + 2*c**2 + c + 4. Let s be q(-4). Let a = s - o. Is a a composite number?
True
Is 9047 + (-2 + -10)/2 a prime number?
True
Suppose 0 = -172*c + 164*c + 9208. Is c composite?
False
Let w(o) = -2*o**3 - 3*o**2 - 9*o + 8. Let j be w(4). Let n = j + 647. Is n prime?
True
Let o = 100 + -97. Suppose 0 = x - o*w - 913, -x - 2*w = -4*w - 909. Is x a prime number?
False
Let p(q) = 1787*q**2 + 13*q + 73. Is p(-5) composite?
False
Suppose 10*h - 5*h - n - 24 = 0, n = -2*h + 11. Suppose -4*z + 5*j + 9 = 1, j = -h*z + 10. Suppose 437 = z*k + 3*v, -201 = 2*k - 4*v - 603. Is k a prime number?
True
Let j(x) = -97*x + 2. Let s(p) = -p + 1. Let q be s(0). Suppose 4 = v, u - 2*v = -3*v + q. Is j(u) a composite number?
False
Let n(w) = -w**2 + 2*w + 7. Let l be n(3). Suppose -6*q + l*q = 0. Is q - 4 - (-313 - -2) prime?
True
Is (-2 + -3 - -4)*(-36745)/5 composite?
False
Let y(k) = -k**3 + 6*k**2 - 3*k - 10. Let z be y(5). Let c(j) = z*j + 2*j**2 - j - 28 + 21. Is c(6) prime?
True
Let b(w) = 3*w - 7. Let p be b(3). Is p/(-10) - (-13848)/15 a composite number?
True
Suppose -30*b + 13074 = -45036. Is b a composite number?
True
Suppose 121*s - 18395 = 116*s. Is s composite?
True
Is (50602/5)/((-2)/(-5)) a prime number?
True
Let y be 9*(-1 - 5/(-3)). Let w(l) = l**2 + 6*l - 4. Let v be w(-7). Is (3/y + v)*94 a composite number?
True
Let d = -40 + 35. Is (0 - -1)*2 + d + 740 a prime number?
False
Let u be 279/(-39) + 4/26. Let h = u + -8. Let s(i) = i**3 + 16*i**2 - 9*i + 11. Is s(h) prime?
False
Let s(z) = -817*z - 99. Suppose 0 = 4*m + f + 40, 5*m - 2*f - 2 + 52 = 0. Is s(m) a prime number?
False
Is 0 + -1 - (16 + -7 - 1995) prime?
False
Suppose 3*h + 15*h - 519714 = 0. Is h a prime number?
False
Let h = -11175 + 26546. Is h a prime number?
False
Suppose -6857 = -0*n - n. Suppose -2*l + 5*i + 704 = -2022, -5*l = -2*i - n. Is l a composite number?
False
Suppose 2*o + 33471 = 33*n - 30*n, 3*o + 55786 = 5*n. Is n a prime number?
True
Let o(v) = 14 + 2*v - 12 - 11*v**3 - 8*v**3. Let d be o(-2). Is (-2 - 1/(-1)) + d a prime number?
True
Suppose -v + 6 - 27 = 0. Let x be (6/v)/((-1)/7). Suppose 0 = -4*p + 2*j - 3*j + 820, x*p = -4*j + 410. Is p prime?
False
Let o be (-1)/3 + 6778/(-6). Let k = o - -1864. Is k a composite number?
True
Let y = 89 + -85. Is (5 - y) + (-750)/(-3) a prime number?
True